{"id":83521,"date":"2026-08-07T19:33:12","date_gmt":"2026-08-07T19:33:12","guid":{"rendered":"https:\/\/pipsc.ca\/?post_type=event&#038;p=83521"},"modified":"2026-08-17T12:20:35","modified_gmt":"2026-08-17T12:20:35","slug":"laga-du-sous-groupe-vfs-de-summerside","status":"publish","type":"event","link":"https:\/\/pipsc.ca\/fr\/events\/laga-du-sous-groupe-vfs-de-summerside\/","title":{"rendered":"AGA\u00a02026 du sous-groupe\u00a0VFS de Summerside"},"content":{"rendered":"<div class=\"container\">\n<p>L\u2019assembl\u00e9e g\u00e9n\u00e9rale annuelle du sous-groupe&nbsp;VFS de Summerside de l\u2019Institut professionnel de la fonction publique du Canada&nbsp;(IPFPC) aura lieu le&nbsp;:<\/p>\n<\/div>\n\n<div class=\"container\">\n<p><strong>HEURE&nbsp;:<\/strong> Jeudi&nbsp;17&nbsp;septembre&nbsp;2026 \u00e0 18&nbsp;h.<\/p>\n<\/div>\n\n<div class=\"container\">\n<p><strong>LIEU&nbsp;: <\/strong><a href=\"https:\/\/www.google.com\/maps\/place\/Sherbrooke+Community+Centre,+26998+Sherbrooke+Rd,+Sherbrooke,+PE+C1N+4J8\/data=!4m2!3m1!1s0x4b5f854df263a24b:0xcabcd19a8f5eaaa3!18m1!1e1?entry=gps&amp;coh=192189&amp;skid=23d4f36b-9a29-45c0-9e9b-86a2a0e3304d&amp;g_st=ac\" target=\"_blank\" rel=\"noopener\">Centre communautaire Sherbrooke \u2013 Route&nbsp;2, 497 All Weather Hwy, Summerside (\u00ce.-P.-\u00c9.)<\/a><\/p>\n<\/div>\n\n<div class=\"container\">\n<p>Veuillez confirmer votre pr\u00e9sence en communiquant avec <a href=\"mailto:lhill@pipsc.ca\">mailto:lhill@pipsc.ca<\/a> ou en remplissant notre formulaire d\u2019inscription en ligne<a href=\"https:\/\/docs.google.com\/forms\/d\/e\/1FAIpQLScfJh_mbbT0fqMNrSZVSnP3IkbVFP2N48WsE1ee0WgfS3QdPw\/viewform\" target=\"_blank\" rel=\"noopener\"> ici&nbsp;<\/a>:<\/p>\n<\/div>\n\n<div class=\"container\">\n<p>Un appel de candidatures pour l\u2019\u00e9lection de l\u2019ex\u00e9cutif du sous-groupe est maintenant ouvert. Les mises en candidature peuvent \u00eatre pr\u00e9sent\u00e9es par \u00e9crit \u00e0 <a href=\"mailto:lhill@pipsc.ca\">mailto:lhill@pipsc.ca<\/a> ou annonc\u00e9es sur place \u00e0 l\u2019AGA du sous-groupe.<\/p>\n<\/div>\n\n<div class=\"container\">\n<p>C\u2019est une excellente occasion de vous impliquer pour aider vos coll\u00e8gues de travail et les autres membres de l\u2019IPFPC!<\/p>\n<\/div>\n\n<div class=\"container\">\n<p>Ordre du jour<\/p>\n<\/div>\n\n<div class=\"container\">\n<p>1.&nbsp; &nbsp; Mot de bienvenue<br>2.&nbsp; &nbsp; Adoption de l\u2019ordre du jour<br>3.&nbsp; &nbsp; Mot de la pr\u00e9sidente et rapports<br>4.&nbsp; &nbsp; Approbation du proc\u00e8s-verbal de l\u2019AGA pr\u00e9c\u00e9dente<br>5.&nbsp; &nbsp; Tr\u00e9sorerie&nbsp;: \u00e9tats financiers&nbsp;2026 et budget pour&nbsp;2026-2027<br>6.&nbsp; &nbsp; Conf\u00e9rencier invit\u00e9&nbsp;\u2013 Chris&nbsp;Roach<br>8.&nbsp; &nbsp; \u00c9lections&nbsp;: six postes<br>9.&nbsp; &nbsp; Lev\u00e9e de la s\u00e9ance<\/p>\n<\/div>\n\n<div class=\"container\">\n<p>REMARQUE&nbsp;: Des collations et des boissons seront propos\u00e9es, et un tirage au sort sera organis\u00e9!<\/p>\n<\/div>\n\n<div class=\"container\">\n<p>Au plaisir de vous y voir!<\/p>\n<\/div>\n\n<div class=\"container\">\n<p>En toute solidarit\u00e9,<br><br>Leslie&nbsp;Hill<br>Pr\u00e9sidente du sous-groupe&nbsp;VFS de Summerside, IPFPC<\/p>\n<\/div>","protected":false},"excerpt":{"rendered":"<p>L\u2019assembl\u00e9e g\u00e9n\u00e9rale annuelle du sous-groupe&nbsp;VFS de Summerside de l\u2019Institut professionnel de la fonction publique du Canada&nbsp;(IPFPC) aura lieu le&nbsp;: HEURE&nbsp;: Jeudi&nbsp;17&nbsp;septembre&nbsp;2026 \u00e0 18&nbsp;h. LIEU&nbsp;: Centre communautaire Sherbrooke \u2013 Route&nbsp;2, 497 All Weather Hwy, Summerside (\u00ce.-P.-\u00c9.) Veuillez confirmer votre pr\u00e9sence en communiquant avec mailto:lhill@pipsc.ca ou en remplissant notre formulaire d\u2019inscription en ligne ici&nbsp;: Un appel de &hellip;<\/p>\n","protected":false},"featured_media":0,"template":"","categories":[],"group":[716],"region":[],"employer":[],"chapter":[],"class_list":["post-83521","event","type-event","status-publish","hentry","group-afs-summerside-ipe-fr"],"acf":[],"_links":{"self":[{"href":"https:\/\/pipsc.ca\/fr\/wp-json\/wp\/v2\/event\/83521","targetHints":{"allow":["GET"]}}],"collection":[{"href":"https:\/\/pipsc.ca\/fr\/wp-json\/wp\/v2\/event"}],"about":[{"href":"https:\/\/pipsc.ca\/fr\/wp-json\/wp\/v2\/types\/event"}],"wp:attachment":[{"href":"https:\/\/pipsc.ca\/fr\/wp-json\/wp\/v2\/media?parent=83521"}],"wp:term":[{"taxonomy":"category","embeddable":true,"href":"https:\/\/pipsc.ca\/fr\/wp-json\/wp\/v2\/categories?post=83521"},{"taxonomy":"group","embeddable":true,"href":"https:\/\/pipsc.ca\/fr\/wp-json\/wp\/v2\/group?post=83521"},{"taxonomy":"region","embeddable":true,"href":"https:\/\/pipsc.ca\/fr\/wp-json\/wp\/v2\/region?post=83521"},{"taxonomy":"employer","embeddable":true,"href":"https:\/\/pipsc.ca\/fr\/wp-json\/wp\/v2\/employer?post=83521"},{"taxonomy":"chapter","embeddable":true,"href":"https:\/\/pipsc.ca\/fr\/wp-json\/wp\/v2\/chapter?post=83521"}],"curies":[{"name":"wp","href":"https:\/\/api.w.org\/{rel}","templated":true}]}}

<div class="container">
<p>L’assemblée générale annuelle du sous-groupe&nbsp;VFS de Summerside de l’Institut professionnel de la fonction publique du Canada&nbsp;(IPFPC) aura lieu le&nbsp;:</p>
</div>

<div class="container">
<p><strong>HEURE&nbsp;:</strong> Jeudi&nbsp;17&nbsp;septembre&nbsp;2026 à 18&nbsp;h.</p>
</div>

<div class="container">
<p><strong>LIEU&nbsp;: </strong><a href="https://www.google.com/maps/place/Sherbrooke+Community+Centre,+26998+Sherbrooke+Rd,+Sherbrooke,+PE+C1N+4J8/data=!4m2!3m1!1s0x4b5f854df263a24b:0xcabcd19a8f5eaaa3!18m1!1e1?entry=gps&amp;coh=192189&amp;skid=23d4f36b-9a29-45c0-9e9b-86a2a0e3304d&amp;g_st=ac" target="_blank" rel="noopener">Centre communautaire Sherbrooke – Route&nbsp;2, 497 All Weather Hwy, Summerside (Î.-P.-É.)</a></p>
</div>

<div class="container">
<p>Veuillez confirmer votre présence en communiquant avec <a href="mailto:lhill@pipsc.ca">mailto:lhill@pipsc.ca</a> ou en remplissant notre formulaire d’inscription en ligne<a href="https://docs.google.com/forms/d/e/1FAIpQLScfJh_mbbT0fqMNrSZVSnP3IkbVFP2N48WsE1ee0WgfS3QdPw/viewform" target="_blank" rel="noopener"> ici&nbsp;</a>:</p>
</div>

<div class="container">
<p>Un appel de candidatures pour l’élection de l’exécutif du sous-groupe est maintenant ouvert. Les mises en candidature peuvent être présentées par écrit à <a href="mailto:lhill@pipsc.ca">mailto:lhill@pipsc.ca</a> ou annoncées sur place à l’AGA du sous-groupe.</p>
</div>

<div class="container">
<p>C’est une excellente occasion de vous impliquer pour aider vos collègues de travail et les autres membres de l’IPFPC!</p>
</div>

<div class="container">
<p>Ordre du jour</p>
</div>

<div class="container">
<p>1.&nbsp; &nbsp; Mot de bienvenue<br>2.&nbsp; &nbsp; Adoption de l’ordre du jour<br>3.&nbsp; &nbsp; Mot de la présidente et rapports<br>4.&nbsp; &nbsp; Approbation du procès-verbal de l’AGA précédente<br>5.&nbsp; &nbsp; Trésorerie&nbsp;: états financiers&nbsp;2026 et budget pour&nbsp;2026-2027<br>6.&nbsp; &nbsp; Conférencier invité&nbsp;– Chris&nbsp;Roach<br>8.&nbsp; &nbsp; Élections&nbsp;: six postes<br>9.&nbsp; &nbsp; Levée de la séance</p>
</div>

<div class="container">
<p>REMARQUE&nbsp;: Des collations et des boissons seront proposées, et un tirage au sort sera organisé!</p>
</div>

<div class="container">
<p>Au plaisir de vous y voir!</p>
</div>

<div class="container">
<p>En toute solidarité,<br><br>Leslie&nbsp;Hill<br>Présidente du sous-groupe&nbsp;VFS de Summerside, IPFPC</p>
</div>

<p>L’assemblée générale annuelle du sous-groupe&nbsp;VFS de Summerside de l’Institut professionnel de la fonction publique du Canada&nbsp;(IPFPC) aura lieu le&nbsp;: HEURE&nbsp;: Jeudi&nbsp;17&nbsp;septembre&nbsp;2026 à 18&nbsp;h. LIEU&nbsp;: Centre communautaire Sherbrooke – Route&nbsp;2, 497 All Weather Hwy, Summerside (Î.-P.-É.) Veuillez confirmer votre présence en communiquant avec mailto:lhill@pipsc.ca ou en remplissant notre formulaire d’inscription en ligne ici&nbsp;: Un appel de &hellip;</p>
